ctor of k and n?
10
Suppose -57 + 249 = 6*u. Suppose 5*y = 2*g - 4, 7*y - 2*y = -g + u. Suppose 0 = -8*l + 3*l + 240. What is the greatest common divisor of g and l?
12
Let t be (10 - 12)*1*-6. Suppose -10 = 10*u - t*u. Suppose -2*h + u*m + 96 = 0, -3*h - 4*m + 144 = -m. What is the greatest common divisor of h and 6?
6
Let f(v) = 15*v**2 + 6*v + 19*v**2 + v**3 - 26*v**2 + 54. Let q be f(-8). Calculate the highest common divisor of 33 and q.
3
Suppose -2 - 27 = -3*n - 5*d, -4*n - 2*d = -20. Let u = 1 + 54. Suppose -z + 4*z = r + 50, -u = -n*z + 2*r. What is the greatest common divisor of 60 and z?
15
Suppose -3*k + 271 = -188. Let p = k + -105. What is the highest common factor of 168 and p?
24
Let m(a) = -a**3 - 5*a**2 + 4*a + 12. Let d be m(-6). Suppose 0 = -30*x + d*x + 168. What is the highest common factor of x and 14?
14
Let g = -750 + 149. Let f = -418 - g. What is the highest common factor of f and 305?
61
Suppose 3*c - 4*x = 32, 2*c = 3*c + 4*x - 16. Let z(l) = 16*l**2 - 6*l + 8. Let p be z(1). What is the highest common factor of p and c?
6
Let t be 10/(-8)*(8 - 0). Let p(w) = 36*w + 917. Let y be p(-26). Let k = t - y. Calculate the highest common divisor of 36 and k.
9
Let t = -223 + 398. Suppose 5*n = 150 + t. Let a be (n/20 - 3)*20. What is the highest common divisor of 35 and a?
5
Let z(f) = 2*f**3 + 21*f**2 + 30*f - 3. Let k be z(-9). Let x be k/(-21)*7/2. Let t = 1 - 0. Calculate the greatest common factor of t and x.
1
Let r(h) = 2*h**2 - 748 + 759 - 17*h + 7*h. Let v be r(7). What is the greatest common factor of v and 3?
3
Let v be 6918/30 - (-3 + 40/25). Calculate the highest common factor of 4292 and v.
116
Let z be 377/29 - (0 - -7). Calculate the greatest common factor of 242 and z.
2
Suppose 56*y = 58*y - 12. Suppose y*a - 10*a = -96. What is the highest common divisor of a and 408?
24
Suppose 176*w = 100*w + 6308. Suppose -3*u + 117 = -42. Let v = w - u. Calculate the highest common factor of 10 and v.
10
Suppose -25*b + 2555 = 3*r - 30*b, -3*r + 3*b + 2541 = 0. Calculate the greatest common factor of 6825 and r.
105
Suppose -198*g + 12016 + 18982 + 61491 = 9329. Let m = -321 + 489. What is the highest common divisor of m and g?
84
Suppose l + 587 = -3*p + 1402, -5*p - 2*l = -1359. Calculate the highest common factor of 37127 and p.
271
Suppose 14 = -5*k - 46. Let s be 3/((k/(-8))/(-1))*-110. Calculate the highest common factor of s and 44.
44
Let t = -18 - -22. Suppose -t*n = -15 - 17. Suppose -14 = -5*y + 6. Calculate the greatest common divisor of y and n.
4
Let o(s) = s**2 + 22*s - 32. Let p be o(-19). Let n = -62 - p. Let j be (n/(-36))/((6/(-2))/288). What is the greatest common factor of 48 and j?
24
Suppose 2*f = 7*f - 60. Suppose 0 = 98*t - 88*t - 50. Suppose t*l + l - 18 = 0. Calculate the highest common factor of l and f.
3
Suppose 950*m - 899*m = 140709. What is the highest common divisor of m and 267?
89
Let y(q) = -q**2 - 52*q + 661. Let s be y(-45). What is the highest common factor of 244 and s?
244
Suppose -3*s - 7*i + 9 = -4*i, s = -5*i + 7. Let a be (65 - 230)*s/(-3). Suppose g - 19 = 3. Calculate the highest common divisor of a and g.
22
Let r be (-2)/(-5) - (-174)/15. Let z = 168 + -162. Suppose z = r*w - 10*w. Calculate the highest common divisor of w and 27.
3
Let a(m) = 12*m**3 - 2*m**2 + 2*m - 1. Let l be a(1). Let i be ((2691/(-18))/13)/((-1060)/88 + 12). What is the highest common divisor of i and l?
11
Suppose -t = 1 + 6, 2*v - 2*t - 206 = 0. Calculate the greatest common divisor of 2992 and v.
16
Let n be (-15)/(-2)*(-66882)/(-7065). What is the greatest common factor of 7739 and n?
71
Suppose 8 = -t + 4*o, -2*o = -2*t - 6*o + 56. Calculate the highest common divisor of t and 9936.
16
Suppose 8*a = 11*a + 1083. Let u = a + 493. What is the highest common divisor of u and 330?
66
Let c(w) = -45*w + 306. Let n be c(9). Let s be (2*31)/(n/(-18) - 5). Calculate the highest common divisor of s and 4.
4
Let g = -133 - -239. What is the highest common divisor of 46 and g?
2
Suppose 21*r = 25*r - 4*g - 33176, 0 = 2*r - 3*g - 16584. What is the greatest common divisor of r and 72?
18
Let q(v) = 60*v**3 + 14*v**2 - 34*v + 12. Let d be q(3). Calculate the highest common divisor of d and 161.
23
Let r be ((-644)/(-8) - (-9)/(-6))*7. What is the highest common divisor of r and 948?
79
Let r = -30215 + 34661. Calculate the highest common divisor of r and 798.
114
Let x be ((-10)/(-35) + (-24)/(-63))*-6. Let w(n) = n**3 + 4*n**2 + 5*n - 3. Let v be w(x). Let y = -17 - v. What is the greatest common divisor of y and 3?
3
Suppose 3*u - 361 + 118 = 0. Suppose 0 = -15*b - 16 - 44. Let s be ((-504)/70)/(b/30). Calculate the highest common factor of s and u.
27
Let z be (-1)/(-1) - 16*-4. Let k = 1053 + -1043. Let u be (-10050)/(-750) - (2 + (-16)/k). Calculate the greatest common factor of z and u.
13
Suppose -s - 3*y - 3186 = -3173, -4*s - 4*y - 4 = 0. Calculate the greatest common factor of 1195 and s.
5
Let m(c) = 2*c**2 + 46*c - 173. Let h be m(-31). Calculate the greatest common factor of h and 342.
19
Suppose 1224 = -3*a + 9*a. Suppose -3*p - 711 = -702, -4*h + p = -139. What is the greatest common factor of a and h?
34
Suppose -3 = o + 2. Let r be 9*((-40)/12)/o. Let p = 659 - 647. What is the greatest common divisor of r and p?
6
Suppose 11*z + 6474 = 24*z. Suppose -5*j = -5*w + 1195, 2*w = j + z - 15. What is the highest common divisor of w and 4?
4
Let v = 26 + -26. Suppose -z + 4*d = 105, v = -4*z - 0*z - 2*d - 438. Let u = -95 - z. What is the greatest common divisor of 42 and u?
14
Let l be -2*1*464/(-32). Let n(c) = 45 - l - 24 - 4*c. Let z be n(-8). Calculate the highest common divisor of 192 and z.
24
Let t be ((-48)/(-36))/(-1 + (-7)/(-6)). Suppose -112 = -2*j + 3*y, -4*j = 4*y - 120 - 104. Calculate the greatest common factor of j and t.
8
Let q = -63 - -65. Suppose 4*p - 8*p - 4*k + 24 = 0, 0 = q*k. Calculate the highest common factor of p and 48.
6
Suppose 147*h - 25*h = 2306 + 6112. What is the greatest common factor of 57 and h?
3
Let v = 170 - 165. Suppose 3*j = 4*g + 220 - 1568, -3*g + v*j + 1000 = 0. What is the highest common divisor of 20 and g?
20
Let t be ((20 - (-1 + -2)) + -2)/(30/80). Calculate the greatest common divisor of t and 1806.
14
Let u(n) = n**2 + 13*n - 45. Let t be u(9). Suppose 0 = -10*v + t + 207. Calculate the greatest common divisor of v and 72.
36
Suppose 0 = 5*y - 2*v - 282, -10*y + 15*y + v = 279. Let x(i) = i - 4. Let n be x(4). Suppose n*m + 28 = m. Calculate the highest common factor of y and m.
28
Let i(s) = 3*s**2 + 2*s + 5. Let d be 2/(3 + (165/9)/(-5)). Let j be i(d). Let g(m) = -8*m + 2. Let r be g(-3). Calculate the greatest common factor of j and r.
26
Let y = -271 + 351. Let n = -58 + y. What is the highest common divisor of n and 33?
11
Suppose -6*l + 2381 = 863. Suppose -8*j = -7*j - 23. Calculate the highest common divisor of j and l.
23
Let f be (6/9)/(-5 - 116/(-24)). Let r be (-370)/f + (-75)/30. What is the greatest common factor of r and 18?
18
Let z = -7284 + 7963. Calculate the highest common divisor of z and 77.
7
Let n = -25 - -6. Let d = n + 50. Suppose 1081*k = 1084*k - 93. Calculate the greatest common factor of d and k.
31
Suppose 0 = 7*l - 11 + 46. Let d be 6 - (-1 - -546)/l. Calculate the highest common factor of d and 5.
5
Let q(f) = -47*f + 16*f + f**2 + 20*f - 54. Let m be q(26). Suppose 29*i = 25*i + m. Calculate the greatest common divisor of i and 12.
12
Let d = 25 + 107. Let b(k) = -7*k**3 - 4*k**2 + 7*k - 2. Let f be b(2). Let c be ((-36)/(-90))/(-1*2/f). What is the greatest common factor of c and d?
12
Suppose 24*y = -57*y + 24219. What is the greatest common divisor of y and 91?
13
Let l be ((-6)/(-4))/(141/132 + -1). Let f = l + -17. Suppose -f*r + 283 = -3*r + w, -5*w - 265 = -2*r. Calculate the greatest common factor of 56 and r.
28
Suppose 3*u + 31 = 4*o, 75*o + 41 = 79*o - 5*u. Calculate the highest common divisor of 952 and o.
4
Suppose 4*q - 11*x - 312 = -7*x, -5 = -x. Let m = 85 - q. Calculate the greatest common factor of m and 86.
2
Suppose -4*a = 2*u + 10, 3*a + 14 = -4*u - 2*a. Let g be u*(-3)/((-1)/(-3 - 6)). What is the greatest common factor of g and 3?
3
Suppose -i = 5*p - 25351, -502*i + 498*i = -4